8, what is -4 - -32?
26
In base 8, what is -5276 - -1?
-5275
In base 12, what is 5 + 5?
a
In base 15, what is -40 + c?
-33
In base 13, what is -a33 + -5?
-a38
In base 9, what is -6 + 14?
7
In base 11, what is a + 0?
a
In base 9, what is 15 - -317?
333
In base 8, what is -5 + -5052?
-5057
In base 7, what is -126 - 150?
-306
In base 10, what is -9 + 1?
-8
In base 11, what is 5747 + 1?
5748
In base 2, what is -11 + -100011?
-100110
In base 14, what is -983 - 3?
-986
In base 6, what is 22 - -3?
25
In base 13, what is 5 - -184?
189
In base 3, what is 1121 + 10?
1201
In base 16, what is 168 - 0?
168
In base 9, what is 3 + 58?
62
In base 12, what is 2 + 698?
69a
In base 12, what is -2a7 - 5?
-2b0
In base 12, what is 104 + -3?
101
In base 3, what is 22 + 101022?
101121
In base 9, what is 70 - 15?
54
In base 7, what is 40 + 3?
43
In base 4, what is -131 + -13220?
-20011
In base 4, what is 12301 + 0?
12301
In base 8, what is 15 - -7?
24
In base 4, what is 21 + 312?
333
In base 16, what is -5e3 - -3?
-5e0
In base 8, what is 7 - 602?
-573
In base 10, what is 51 - -4?
55
In base 9, what is 27025 - 4?
27021
In base 6, what is 4 + 223?
231
In base 9, what is -14 - -312?
287
In base 8, what is -60130 - -4?
-60124
In base 12, what is -4 + 30?
28
In base 13, what is 2 + -4a?
-48
In base 16, what is 12 + -2?
10
In base 15, what is -2e30 + 2?
-2e2d
In base 5, what is 22 + -33?
-11
In base 2, what is 11100100 - 1010001?
10010011
In base 12, what is 0 - -2b?
2b
In base 7, what is 422 + 3?
425
In base 12, what is 7 + -3?
4
In base 4, what is 1 + 221?
222
In base 3, what is -2 + -21221?
-22000
In base 9, what is -3 + -268?
-272
In base 2, what is -11 - 1000010110?
-1000011001
In base 15, what is -5 - -117?
112
In base 5, what is 20 - -32?
102
In base 9, what is -80 + 11?
-68
In base 5, what is 142220 - -3?
142223
In base 2, what is -11110100111 + 101?
-11110100010
In base 7, what is -6 - 1101?
-1110
In base 7, what is -14203 - 1?
-14204
In base 12, what is 356 + -34?
322
In base 13, what is -245 - -5?
-240
In base 6, what is -113 - -43?
-30
In base 3, what is 2 + -121?
-112
In base 14, what is -3a + 8?
-32
In base 15, what is -e - -40?
31
In base 7, what is 142 - 5?
134
In base 7, what is -666 + -3?
-1002
In base 2, what is -100 - 110110010101?
-110110011001
In base 4, what is -20 + -1330?
-2010
In base 3, what is 0 + 110022?
110022
In base 14, what is 5 - c5?
-c0
In base 13, what is -52 + -13?
-65
In base 8, what is -2 - -37?
35
In base 16, what is 3 - -248?
24b
In base 9, what is 23 + -2?
21
In base 13, what is 16 - b?
8
In base 7, what is 5 - 200?
-162
In base 6, what is 2 + -44?
-42
In base 14, what is -5 - -95?
90
In base 16, what is 4 + -94?
-90
In base 14, what is -69c + 0?
-69c
In base 6, what is -10 - -11?
1
In base 10, what is -14 - -1703?
1689
In base 12, what is 3 - 11?
-a
In base 2, what is -10000111110 + 1000?
-10000110110
In base 2, what is -10000101110 + 0?
-10000101110
In base 12, what is -a5 + 3?
-a2
In base 9, what is -406 + -6?
-413
In base 2, what is -101100000 + -1000?
-101101000
In base 10, what is 5 - -121?
126
In base 4, what is 21 + 12?
33
In base 4, what is 10130 - 2?
10122
In base 3, what is 0 + -1211?
-1211
In base 15, what is -1 + 5?
4
In base 7, what is -1 - -153?
152
In base 8, what is 1 + -260?
-257
In base 9, what is -1 - 1487?
-1488
In base 2, what is -1 - -1001?
1000
In base 10, what is 2 - -24?
26
In base 3, what is -11 - 102002?
-102020
In base 7, what is -1 - -52?
51
In base 4, what is -10 - -2300?
2230
In base 10, what is -121 + -4?
-125
In base 16, what is -4 + -3c4?
-3c8
In base 10, what is 14 - 1308?
-1294
In base 9, what is 84 - 4?
80
In base 9, what is -5 + -15?
-21
In base 7, what is 10 + -4?
3
In base 11, what is -92 - 2?
-94
In base 14, what is 7 - -25?
2c
In base 10, what is 20 - -11?
31
In base 2, what is -11 - 1000110101001?
-1000110101100
In base 16, what is -7a - 5?
-7f
In base 8, what is -20 + 6?
-12
In base 3, what is -2121 - 100?
-2221
In base 4, what is -11 - 310?
-321
In base 6, what is 1 + 1050?
1051
In base 6, what is 1104 - -2?
1110
In base 13, what is 25 + 0?
25
In base 5, what is 0 - 123?
-123
In base 5, what is -2 + -2402?
-2404
In base 6, what is 34 - 24?
10
In base 7, what is -25612 - -1?
-25611
In base 12, what is 58 + 8?
64
In base 14, what is 63 + -2?
61
In base 15, what is -2 - -160?
15d
In base 12, what is -149a - -3?
-1497
In base 13, what is 2 - -19?
1b
In base 12, what is 9b13 - 0?
9b13
In base 16, what is -4f - 5?
-54
In base 16, what is 23 - -8?
2b
In base 13, what is -97 - -42?
-55
In base 4, what is 10 + 200?
210
In base 16, what is 2 + 24d?
24f
In base 7, what is -23 - -665?
642
In base 5, what is -3340140 + -2?
-3340142
In base 12, what is 42 - -3?
45
In base 12, what is 94 + -5?
8b
In base 6, what is -5 + 150?
141
In base 6, what is -355 - 4?
-403
In base 11, what is 11 + 46?
57
In base 3, what is 21 + 2001?
2022
In base 11, what is -1 + -1?
-2
In base 10, what is -437 - -3?
-434
In base 4, what is 21 - -31212?
31233
In base 3, what is 11111 - 12?
11022
In base 9, what is -24 + 86?
62
In base 12, what is 1 - -1137?
1138
In base 11, what is -48 - 2?
-4a
In base 6, what is 1104 - -41?
1145
In base 14, what is 2 + 19?
1b
In base 4, what is -1 - 31?
-32
In base 12, what is 6 + 53?
59
In base 12, what is 4 - -b7?
bb
In base 10, what is 6077 - 4?
6073
In base 11, what is 5 + 107?
111
In base 4, what is 1200 + 31?
1231
In base 10, what is -2959 - 4?
-2963
In base 10, what is -12 - 50?
-62
In base 13, what is 242 + c?
251
In base 8, what is 1 + 447?
450
In base 15, what is -ad - -5?
-a8
In base 12, what is -1825 + 4?
-1821
In base 11, what is -5 - -905?
900
In base 7, what is 5 + -660?
-652
In base 3, what is -12 + -22021?
-22110
In base 4, what is 102131 + 0?
102131
In base 10, what is -1 + 6?
5
In base 16, what is 3 + -2f?
-2c
In base 10, what is -2 - -99?
97
In base 9, what is 310 + 2?
312
In base 5, what is 1344 + 30?
1424
In base 4, what is 102 + -111?
-3
In base 15, what is 7 - -39?
41
In base 15, what is -e - -a?
-4
In base 5, what is -401 + 1?
-400
In base 9, what is 1 - 842?
-841
In base 11, what is 3 + -400?
-3a8
In base 9, what is 0 + -42?
-42
In base 13, what is -1 + -162?
-163
In base 11, what is -1 - -1a?
19
In base 10, what is -3 + 18?
15
In base 14, what is c88 - 0?
c88
In base 8, what is 125 - 137?
-12
In base 15, what is -9 + -3?
-c
In base 15, what is -1a1 - -3?
-19d
In base 2, what is 10001001101 + -101?
10001001000
In base 11, what is 558 + -5?
553
In base 7, what is -4 + 26?
22
In base 9, what is 847 - -1?
848
In base 4, what is 11010 - 10?
11000
In base 11, what is -a - 273?
-282
In base 8, what is 5 - 205?
-200
In base 8, what is -332 + -1?
-333
In base 12, what is a2 + -66?
38
In base 3, what is -1 + -11000?
-11001
In base 7, what is 5 - -266?
304
In base 13, what is c - 29?
-1a
In base 6, what is 0 + 30?
30
In base 10, what is 1 + 126?
127
In base 8, what is -226 + -12?
-240
In base 3, what is -11 - 222?
-1010
In base 4, what is 3 + 13200?
13203
In base 3, what is -1221211 - 12?
-1222000
In base 15, what is b9 + 6?
c0
In base 8, what is -6 + 12415?
12407
In base 9, what is 2606 - 2?
2604
In base 4, what is -1 - -212311?
212310
In base 10, what is -69 + 5?
-64
In base 7, what is 1124 + -5?
1116
In base 14, what is 3 + -1b?
-18
In base 10, what is 2 - 995?
-993
In base 12, what is -242 + 53?
-1ab
In base 3, what is -2022 + 111?
-1211
In base 16, what is -8 - -2f?
27
In base 5, what is 2400 - 31?
2314
In base 8, what is 12 - 2?
10
In base 10, what is -923 - -1?
-922
In base 14, what is 5 - 7?
-2
In base 7, what is -3 + 15?
12
In base 2, what is -10011000 - -10001?
-10000111
In base 2, what is -10 + 1100001011?
1100001001
In base 6, what is 104 + -5?
55
In base 6, what is -4 - -4342?
4334
In base 5, what is -10 + -213?
-223
In base 16, what is -3 - -e?
b
In base 7, what is -43 - 31?
-104
In base 8, what is 3 - -106?
111
In base 11, what is a - 0?
a
In base 2, what is -11 - -10011011?
10011000
In base 16, what is -5b1 + -13?
-5c4
In base 6, what is 12 - -22?
34
In base 12, what is 12 + -7a?
-68
In base 7, what is -2 + -1511?
-1513
In base 8, what is -4 + 5136?
5132
In base 16, what is -4 + 8e?
8a
In base 6, what is 3 - 3441?
-3434
In base 10, what is 1 - 62?
-61
In base